(5/(10/(-4)))/(g/(-15)). What is the highest common factor of b and 15?
15
Let x(n) = -2*n + 5. Let a(q) = 7*q - 14. Let d(h) = -5*a(h) - 14*x(h). Let r be d(-4). Suppose 47 = 5*o - r. What is the greatest common factor of o and 15?
15
Suppose 5*o - 84 = 71. Let s(j) = -3*j + 61. Suppose -130 = 6*l - 19*l. Let z be s(l). What is the highest common factor of o and z?
31
Let r = 211 - 197. What is the highest common divisor of r and 203?
7
Suppose 4*i - 9*i = -975. Suppose -i = 2*h + 9. Let d = -70 - h. What is the highest common divisor of 8 and d?
8
Suppose 181 = 2*m + 3*s, -8*s + 4*s - 297 = -3*m. Let z(v) = -v**3 + 6*v**2 + 12*v - 16. Let x be z(7). What is the greatest common divisor of x and m?
19
Suppose -2*m - 125 = -431. Suppose 0 = -10*q + 7*q + m. Calculate the greatest common factor of q and 34.
17
Suppose -4*p + 342 = -126. Calculate the greatest common divisor of p and 27.
9
Suppose 2*v - 7*v = -25. Suppose v*l - b = 32, 3 + 1 = -2*b. What is the highest common factor of 15 and l?
3
Let p(r) = 10*r**2 + 2*r + 1. Let t be p(-1). Suppose t*h - 569 = 322. What is the greatest common factor of h and 9?
9
Suppose 26 = -5*z + 3*z. Let h = 21 + z. Calculate the highest common divisor of 40 and h.
8
Suppose 43 - 323 = -5*m - 5*h, 5*h - 228 = -4*m. Calculate the greatest common divisor of 4 and m.
4
Suppose 16*s - 198 = 11*s + 4*t, 5*s + 2*t = 216. Calculate the greatest common factor of s and 434.
14
Suppose -2*h + 32 + 18 = 0. Calculate the highest common factor of 25 and h.
25
Let z(b) = -3*b. Let y be z(-6). Suppose -x - 4*d = -20, 81*d = -5*x + 79*d + 64. Calculate the highest common factor of x and y.
6
Let k be (-2 - (2 + -6)) + (20 - 2). Calculate the highest common factor of 4 and k.
4
Suppose -3*s = -0*s. Suppose 5*y - 5*q + 10 = s, -y + 4*y = -4*q + 15. Let m(b) = -4*b - 3. Let i be m(-1). Calculate the highest common divisor of y and i.
1
Let i = 82 - 70. What is the highest common divisor of 210 and i?
6
Suppose 5*t - w - 801 = 3*w, w + 321 = 2*t. What is the highest common divisor of 14 and t?
7
Suppose -189*t + 1540 = -178*t. What is the highest common divisor of 105 and t?
35
Let l(s) = 3*s. Let r be l(6). Let h be (-11)/(396/(-1284)) - 2/(-6). Calculate the highest common factor of r and h.
18
Suppose 0 = 30*t + 5*t - 23030. Calculate the highest common factor of t and 14.
14
Let o = -7 + 23. Suppose -2*g - 10 = 0, 3*g + 52 = 4*p - g. Suppose -p = -4*f - 0. Calculate the greatest common divisor of f and o.
2
Let m be 1/1 + 12/(-3). Let y be ((-28)/(-21))/(m/(-126)). Calculate the greatest common divisor of y and 7.
7
Let h be (16 + -2 + 1)*8/(-6). Let a = -15 - h. Calculate the greatest common factor of 15 and a.
5
Let i = 135 + -117. Suppose -3*z = -3*p + 30, -4*z = 3*p - 2*z - 25. Calculate the greatest common divisor of p and i.
9
Let q(v) = -5*v + 8. Let c be q(-3). Let j be 1/(c/(-12) - (-6)/3). Let f = 30 - 6. What is the greatest common divisor of j and f?
12
Let o be (-622)/(-8) - (150/(-8))/(-25). What is the highest common factor of 119 and o?
7
Let y = 1 - 0. Suppose -j + c + 6 = -y, c = 4*j - 37. What is the greatest common divisor of j and 10?
10
Suppose 444 = 4*c + 4*t, 3*t = -4*c - 206 + 651. What is the greatest common factor of 308 and c?
28
Let j be (58/6)/((-2)/(-18)). Suppose 4*d - 117 = j. Calculate the highest common factor of 3 and d.
3
Let l(h) = 4*h**2 - 14*h + 19. Let d be l(2). Calculate the greatest common divisor of 10 and d.
1
Let j = 2326 + -2176. What is the greatest common divisor of 165 and j?
15
Let j be (-62)/(-6) - 8/(-12). What is the highest common divisor of j and 2?
1
Suppose -903 = -11*p - 243. What is the highest common factor of p and 45?
15
Suppose 0 = 2*v - 5*n - 69, -v + 0*v + n + 27 = 0. What is the greatest common divisor of 253 and v?
11
Suppose 65 - 25 = -4*y. Let u = y + 18. What is the highest common divisor of 64 and u?
8
Let u be 50/12 + (-13)/78. Suppose 3 - u = -b. Let j be (1 + b)/((-3)/(-42)). Calculate the highest common divisor of 42 and j.
14
Let t be -13*(-4)/(-10)*(2 + -27). Calculate the greatest common factor of 52 and t.
26
Let j be 6*6/72 + (-227)/(-2). Suppose 21 = 5*z - j. Calculate the highest common divisor of z and 18.
9
Suppose -363 = -2*s + s. Suppose i - 7*v + 3*v - 121 = 0, -s = -3*i - 5*v. What is the highest common factor of i and 11?
11
Let r(u) = -3*u + 13. Let j be r(-8). Suppose -4*l = 13 - j. What is the greatest common factor of 48 and l?
6
Let s = 19 + -14. Suppose -4*d + s*p = -2 - 53, 2*d - 32 = 4*p. Suppose -15*j = -d*j - 240. What is the greatest common factor of j and 32?
16
Let a = -4 - 6. Let b = 13 + a. Suppose -2*s - b*s = -200. Calculate the highest common factor of s and 5.
5
Suppose y = -4*y. Suppose y*h = 2*h - 2. Calculate the greatest common factor of 7 and h.
1
Let d be ((-1)/(-5))/(7/175). Let p(l) = 2*l + 12. Let w be p(d). Let v be (-202)/(-18) + 2/(-9). What is the highest common factor of w and v?
11
Let l(o) = -2*o. Let z be l(0). Suppose z = 5*k - 75 - 20. Let u(v) = v**2 + v + 133. Let x be u(0). Calculate the highest common factor of x and k.
19
Suppose 149 = t - 3*b, 5*b + 188 = 3*t - 251. Let q be 5 - (-20*1)/(-4). Let u = 13 - q. What is the highest common divisor of u and t?
13
Let b be 13/((-17)/7854*-21). Let a be 44/(-6)*(-3)/1. Calculate the highest common factor of a and b.
22
Suppose 0*n = n - 34. Suppose a - 2*a + 31 = -w, -5*w = -15. Calculate the highest common divisor of n and a.
34
Let y = 1023 - 820. What is the greatest common divisor of y and 145?
29
Let i = -1387 - -1396. Let f(k) = 19*k**2 - 4*k - 3. Let c be f(-2). What is the greatest common factor of i and c?
9
Suppose 35 - 53 = -2*t. Suppose 0 = 2*p - p - 3. Calculate the greatest common divisor of p and t.
3
Suppose 0 = 4*q - 4, 2*q = -2*d - 9 + 1173. What is the greatest common factor of 249 and d?
83
Let k(b) = b + 14. Let l be k(12). Let h = 47 - l. Calculate the highest common factor of 3 and h.
3
Suppose 4*x + 4*t + 8 = t, -x - 4*t + 11 = 0. Suppose -2*b - 44 = 2*b. Let s = x - b. What is the greatest common factor of s and 42?
6
Let f = -162 + 55. Let a = 123 + f. Let n(w) = w**3 - 2*w**2 + w. Let s be n(2). What is the highest common factor of s and a?
2
Suppose 70 = 6*j - j. Suppose 3*g = 5*g - j. What is the greatest common factor of 70 and g?
7
Suppose -5*z + 2*z - 4*l = -35, -2*l + 30 = 4*z. Let w = 0 + z. Suppose 0 = -o - w, o - 6*o - 39 = -2*b. Calculate the greatest common divisor of b and 49.
7
Let n be 20/6*(-6)/(-10). Suppose -84 = -n*c - 14. What is the highest common factor of 21 and c?
7
Suppose l - 2*m + 2 - 16 = 0, -5*m = -15. What is the highest common factor of l and 2780?
20
Suppose -20*m = -776 + 136. What is the greatest common factor of m and 144?
16
Let n = 1162 + -1120. What is the greatest common divisor of 714 and n?
42
Let p be -2 - (0 + -6 + 2). Let l be p/(-9) - 2934/(-81). Let x = 24 - 0. What is the greatest common divisor of x and l?
12
Suppose 0 = 70*p - 75*p + 630. What is the highest common factor of 28 and p?
14
Let k(f) = f + 8. Let c be k(-4). Let n(q) = q**3 + 10*q**2 + 5*q - 8. Let p be n(-9). What is the greatest common divisor of p and c?
4
Let u(h) = 2*h + 5. Let y be u(-6). Let t be -1 - y - (-7)/(-7). Suppose c + 2 = t*n, -4*c - n - 6 = -5*c. Calculate the greatest common factor of 56 and c.
8
Let d be (4/(-12))/(2/(-24)). Suppose 37 = b + 2*s, -4*b + 156 = -4*s - 28. Let n = b + -23. Calculate the highest common factor of d and n.
4
Let s(f) = -f**3 - 24*f**2 + 22*f - 45. Let x be s(-25). What is the greatest common divisor of x and 20?
10
Let j(c) = c**3 + 8*c**2 + 5*c - 9. Let u be j(-7). Let l(x) = -x**3 + 8*x**2 + 6. Let z be l(7). Calculate the highest common divisor of u and z.
5
Let o be 109 - (0 + -1)*-1. Let j be (32/28)/(4/14). Suppose -2*w + j*n + 18 = -32, -2*n = 2*w - 56. What is the highest common divisor of w and o?
27
Let u be (2*-1)/((-2)/26). Let p = 225 - 197. Suppose -p = -x + u. What is the greatest common divisor of 6 and x?
6
Suppose -24*s + 5184 = -18*s. Calculate the highest common factor of s and 54.
54
Let q be 2/4*4 - -18. Suppose -5*g - 5*l = -15, 0*g - 50 = -5*g + 2*l. Suppose 4*i - g*i + 40 = 0. Calculate the highest common divisor of q and i.
10
Suppose